?
6
What is the ten thousands digit of 1214926?
1
What is the ten thousands digit of 1223892?
2
What is the thousands digit of 469081?
9
What is the hundreds digit of 1138727?
7
What is the units digit of 1593877?
7
What is the tens digit of 4733421?
2
What is the units digit of 152564?
4
What is the hundreds digit of 15556824?
8
What is the ten thousands digit of 1127388?
2
What is the hundred thousands digit of 390615?
3
What is the thousands digit of 8829146?
9
What is the ten thousands digit of 4326022?
2
What is the tens digit of 206404?
0
What is the tens digit of 631255?
5
What is the thousands digit of 6708532?
8
What is the millions digit of 2866305?
2
What is the ten thousands digit of 2372475?
7
What is the tens digit of 2056319?
1
What is the thousands digit of 440891?
0
What is the ten thousands digit of 15175839?
7
What is the hundred thousands digit of 1583330?
5
What is the hundreds digit of 913342?
3
What is the units digit of 1810025?
5
What is the ten thousands digit of 532191?
3
What is the units digit of 2614351?
1
What is the thousands digit of 15292894?
2
What is the units digit of 1177336?
6
What is the tens digit of 677051?
5
What is the hundred thousands digit of 2466344?
4
What is the tens digit of 6326?
2
What is the ten thousands digit of 239855?
3
What is the units digit of 7093372?
2
What is the units digit of 814514?
4
What is the thousands digit of 2388089?
8
What is the units digit of 5537614?
4
What is the hundreds digit of 1738969?
9
What is the hundred thousands digit of 890026?
8
What is the tens digit of 45812?
1
What is the millions digit of 3208679?
3
What is the thousands digit of 4017512?
7
What is the ten thousands digit of 1991064?
9
What is the hundreds digit of 5356705?
7
What is the hundred thousands digit of 734983?
7
What is the thousands digit of 602738?
2
What is the units digit of 2808594?
4
What is the hundred thousands digit of 851172?
8
What is the hundred thousands digit of 1814528?
8
What is the ten thousands digit of 18799255?
9
What is the thousands digit of 2753376?
3
What is the tens digit of 321819?
1
What is the hundred thousands digit of 139207?
1
What is the hundreds digit of 5244895?
8
What is the hundreds digit of 15776618?
6
What is the thousands digit of 530722?
0
What is the ten thousands digit of 379079?
7
What is the millions digit of 3824132?
3
What is the hundred thousands digit of 3326509?
3
What is the ten thousands digit of 446599?
4
What is the hundred thousands digit of 8598049?
5
What is the thousands digit of 67900?
7
What is the ten thousands digit of 2903549?
0
What is the millions digit of 6443651?
6
What is the millions digit of 14629355?
4
What is the thousands digit of 33614?
3
What is the tens digit of 2996181?
8
What is the tens digit of 2128290?
9
What is the tens digit of 357781?
8
What is the hundreds digit of 164350?
3
What is the units digit of 3102733?
3
What is the hundreds digit of 2845239?
2
What is the tens digit of 2235930?
3
What is the hundred thousands digit of 16811833?
8
What is the tens digit of 4396073?
7
What is the ten thousands digit of 75270?
7
What is the thousands digit of 2705363?
5
What is the ten thousands digit of 286505?
8
What is the tens digit of 37900486?
8
What is the hundreds digit of 22667397?
3
What is the hundred thousands digit of 185596?
1
What is the tens digit of 277971?
7
What is the ten thousands digit of 19344126?
4
What is the ten thousands digit of 1807097?
0
What is the tens digit of 5112782?
8
What is the hundred thousands digit of 3551234?
5
What is the ten millions digit of 17397920?
1
What is the hundreds digit of 150671?
6
What is the ten thousands digit of 72432?
7
What is the ten thousands digit of 19830806?
3
What is the hundred thousands digit of 204805?
2
What is the ten thousands digit of 165624?
6
What is the hundreds digit of 413675?
6
What is the hundred thousands digit of 2175159?
1
What is the thousands digit of 1713950?
3
What is the millions digit of 3471375?
3
What is the ten thousands digit of 68850?
6
What is the ten thousands digit of 59741?
5
What is the units digit of 1043056?
6
What is the millions digit of 2978002?
2
What is the units digit of 410395?
5
What is the hundreds digit of 4285?
2
What is the thousands digit of 75596?
5
What is the units digit of 1966436?
6
What is the hundreds digit of 38422?
4
What is the thousands digit of 2357004?
7
What is the units digit of 206682?
2
What is the hundreds digit of 9466928?
9
What is the tens digit of 2123709?
0
What is the tens digit of 3356033?
3
What is the thousands digit of 96054?
6
What is the thousands digit of 2863402?
3
What is the hundred thousands digit of 312064?
3
What is the units digit of 756488?
8
What is the units digit of 988663?
3
What is the units digit of 510395?
5
What is the ten thousands digit of 3390955?
9
What is the tens digit of 167540?
4
What is the tens digit of 28053072?
7
What is the hundreds digit of 9395744?
7
What is the thousands digit of 192224?
2
What is the thousands digit of 3551822?
1
What is the ten millions digit of 16610555?
1
What is the thousands digit of 9832?
9
What is the hundreds digit of 475264?
2
What is the units digit of 5418592?
2
What is the thousands digit of 230071?
0
What is the tens digit of 169331?
3
What is the ten thousands digit of 326034?
2
What is the units digit of 640611?
1
What is the hundreds digit of 221226?
2
What is the tens digit of 702262?
6
What is the ten thousands digit of 6399056?
9
What is the thousands digit of 555329?
5
What is the ten thousands digit of 1176179?
7
What is the hundreds digit of 126882?
8
What is the ten thousands digit of 1226070?
2
What is the ten thousands digit of 15961395?
6
What is the hundred thousands digit of 113781?
1
What is the ten thousands digit of 2191685?
9
What is the millions digit of 1133669?
1
What is the ten thousands digit of 15088323?
8
What is the hundreds digit of 4169718?
7
What is the tens digit of 202498?
9
What is the units digit of 29618?
8
What is the tens digit of 4875560?
6
What is the hundreds digit of 3165425?
4
What is the millions digit of 27480314?
7
What is the units digit of 124680?
0
What is the hundreds digit of 13744833?
8
What is the hundred thousands digit of 1954112?
9
What is the hundred thousands digit of 191050?
1
What is the units digit of 16714236?
6
What is the units digit of 23517683?
3
What is the hundreds digit of 349848?
8
What is the thousands digit of 2020789?
0
What is the units digit of 7965843?
3
What is the tens digit of 1550344?
4
What is the hundreds digit of 200956?
9
What is the millions digit of 15141574?
5
What is the ten thousands digit of 335332?
3
What is the thousands digit of 13681?
3
What is the hundred thousands digit of 6798260?
7
What is the hundreds digit of 118941?
9
What is the hundred thousands digit of 4151624?
1
What is the ten thousands digit of 898876?
9
What is the units digit of 96057?
7
What is the units digit of 2576749?
9
What is the thousands digit of 301228?
1
What is the thousands digit of 1406730?
6
What is the hundreds digit of 1770012?
0
What is the hundreds digit of 87092?
0
What is the hundred thousands digit of 6730493?
7
What is the thousands digit of 904077?
4
What is the thousands digit of 153710?
3
What is the hundred thousands digit of 196105?
1
What is the units digit of 403272?
2
What is the units digit of 5628057?
7
What is the millions digit of 6145282?
6
What is the hundreds digit of 3316679?
6
What is the units digit of 6355783?
3
What is the millions digit of 1109258?
1
What is the tens digit of 2816562?
6
What is the hundred thousands digit of 4849510?
8
What is the ten thousands digit of 88103?
8
What is the thousands digit of 190184?
0
What is the thousands digit of 250222?
0
What is the thousands digit of 1485656?
5
What is the tens digit of 817558?
5
What is the units digit of 1656733?
3
What is the units digit of 474032?
2
What is the ten thousands digit of 4688594?
8
What is the thousands digit of 492870?
2
What is the hundreds digit of 95725?
7
What is the hundred thousands digit of 9370280?
3
What is the hundreds digit of 46725?
7
What is the hundred thousands digit of 122658?
1
What is the ten thousands digit of 1593